139189?
9
What is the hundreds digit of 20005545?
5
What is the tens digit of 425751?
5
What is the hundreds digit of 616744?
7
What is the ten thousands digit of 2537839?
3
What is the millions digit of 6538388?
6
What is the units digit of 249854?
4
What is the tens digit of 67901?
0
What is the thousands digit of 131298?
1
What is the units digit of 710406?
6
What is the millions digit of 14477681?
4
What is the hundred thousands digit of 1358611?
3
What is the ten millions digit of 13555851?
1
What is the units digit of 302786?
6
What is the hundred thousands digit of 1523235?
5
What is the thousands digit of 6647?
6
What is the thousands digit of 1775374?
5
What is the units digit of 296541?
1
What is the ten thousands digit of 4936645?
3
What is the ten thousands digit of 3657697?
5
What is the millions digit of 22501020?
2
What is the ten thousands digit of 259525?
5
What is the ten thousands digit of 1558784?
5
What is the hundreds digit of 377421?
4
What is the hundreds digit of 26402278?
2
What is the hundreds digit of 2067?
0
What is the ten thousands digit of 203516?
0
What is the units digit of 10146219?
9
What is the ten millions digit of 16881084?
1
What is the tens digit of 1057865?
6
What is the units digit of 1654955?
5
What is the units digit of 5593492?
2
What is the hundreds digit of 118767?
7
What is the hundred thousands digit of 2546118?
5
What is the hundred thousands digit of 5185070?
1
What is the units digit of 507510?
0
What is the hundreds digit of 141397?
3
What is the tens digit of 338889?
8
What is the ten thousands digit of 141167?
4
What is the thousands digit of 2229317?
9
What is the tens digit of 54842?
4
What is the thousands digit of 1276929?
6
What is the tens digit of 594028?
2
What is the hundreds digit of 20700?
7
What is the units digit of 1952085?
5
What is the tens digit of 23790490?
9
What is the tens digit of 18440070?
7
What is the thousands digit of 212682?
2
What is the hundred thousands digit of 12191343?
1
What is the millions digit of 1055854?
1
What is the units digit of 110979?
9
What is the hundreds digit of 312933?
9
What is the hundred thousands digit of 100247?
1
What is the thousands digit of 2059779?
9
What is the thousands digit of 7908638?
8
What is the thousands digit of 11892874?
2
What is the thousands digit of 12733339?
3
What is the thousands digit of 2131224?
1
What is the ten thousands digit of 154435?
5
What is the thousands digit of 855711?
5
What is the hundred thousands digit of 35124515?
1
What is the tens digit of 4205981?
8
What is the ten thousands digit of 366737?
6
What is the units digit of 396329?
9
What is the ten thousands digit of 17077132?
7
What is the hundreds digit of 217730?
7
What is the ten thousands digit of 292075?
9
What is the tens digit of 1375607?
0
What is the thousands digit of 2980684?
0
What is the hundred thousands digit of 10851101?
8
What is the thousands digit of 338799?
8
What is the hundreds digit of 419152?
1
What is the thousands digit of 449307?
9
What is the hundreds digit of 512221?
2
What is the hundreds digit of 4905236?
2
What is the tens digit of 3032213?
1
What is the units digit of 8402576?
6
What is the hundreds digit of 28451240?
2
What is the hundred thousands digit of 3098789?
0
What is the units digit of 134594?
4
What is the units digit of 2516304?
4
What is the hundred thousands digit of 795184?
7
What is the hundreds digit of 8752964?
9
What is the units digit of 2686417?
7
What is the hundreds digit of 4641263?
2
What is the units digit of 573963?
3
What is the thousands digit of 335454?
5
What is the ten millions digit of 10401853?
1
What is the tens digit of 401707?
0
What is the hundreds digit of 491214?
2
What is the hundred thousands digit of 1878812?
8
What is the hundreds digit of 1161984?
9
What is the ten thousands digit of 1209095?
0
What is the millions digit of 27250659?
7
What is the hundreds digit of 176341?
3
What is the tens digit of 37198?
9
What is the units digit of 1237122?
2
What is the hundreds digit of 5951927?
9
What is the units digit of 3743927?
7
What is the units digit of 128979?
9
What is the hundreds digit of 400535?
5
What is the hundreds digit of 22284863?
8
What is the thousands digit of 554631?
4
What is the hundreds digit of 6317877?
8
What is the hundred thousands digit of 15560763?
5
What is the ten thousands digit of 452899?
5
What is the ten millions digit of 11477406?
1
What is the thousands digit of 509617?
9
What is the ten millions digit of 12753317?
1
What is the hundred thousands digit of 693671?
6
What is the units digit of 2335998?
8
What is the hundred thousands digit of 781556?
7
What is the ten thousands digit of 61683?
6
What is the tens digit of 72997?
9
What is the ten millions digit of 12434724?
1
What is the tens digit of 7870698?
9
What is the hundreds digit of 3564461?
4
What is the ten thousands digit of 71925?
7
What is the hundred thousands digit of 5629280?
6
What is the ten thousands digit of 1367666?
6
What is the millions digit of 4185140?
4
What is the thousands digit of 38349?
8
What is the hundred thousands digit of 609840?
6
What is the hundreds digit of 2642619?
6
What is the hundreds digit of 682642?
6
What is the thousands digit of 1514429?
4
What is the thousands digit of 984894?
4
What is the tens digit of 40065893?
9
What is the tens digit of 265893?
9
What is the ten thousands digit of 384680?
8
What is the units digit of 17800386?
6
What is the hundreds digit of 256747?
7
What is the tens digit of 4754020?
2
What is the hundred thousands digit of 204175?
2
What is the tens digit of 8171018?
1
What is the hundreds digit of 4667532?
5
What is the ten millions digit of 18966242?
1
What is the thousands digit of 293271?
3
What is the thousands digit of 1676604?
6
What is the thousands digit of 127476?
7
What is the ten thousands digit of 35490?
3
What is the tens digit of 6575903?
0
What is the units digit of 13764111?
1
What is the ten thousands digit of 9462856?
6
What is the ten thousands digit of 7806996?
0
What is the hundred thousands digit of 544495?
5
What is the ten thousands digit of 747978?
4
What is the hundreds digit of 124351?
3
What is the units digit of 3211646?
6
What is the tens digit of 163336?
3
What is the hundreds digit of 1524684?
6
What is the units digit of 6048581?
1
What is the units digit of 2922806?
6
What is the units digit of 85640?
0
What is the ten thousands digit of 148590?
4
What is the millions digit of 16457820?
6
What is the ten thousands digit of 23818564?
1
What is the units digit of 2758614?
4
What is the hundreds digit of 165073?
0
What is the units digit of 25822541?
1
What is the hundreds digit of 143552?
5
What is the hundred thousands digit of 466938?
4
What is the thousands digit of 82268?
2
What is the ten thousands digit of 252369?
5
What is the ten thousands digit of 1043661?
4
What is the millions digit of 29300863?
9
What is the ten thousands digit of 305111?
0
What is the tens digit of 117873?
7
What is the millions digit of 1027448?
1
What is the hundred thousands digit of 7045752?
0
What is the thousands digit of 367945?
7
What is the thousands digit of 494914?
4
What is the millions digit of 10526689?
0
What is the ten thousands digit of 193190?
9
What is the units digit of 7233093?
3
What is the thousands digit of 19866743?
6
What is the tens digit of 1671956?
5
What is the ten thousands digit of 439678?
3
What is the hundreds digit of 27311211?
2
What is the thousands digit of 1592155?
2
What is the tens digit of 216083?
8
What is the millions digit of 2678452?
2
What is the ten thousands digit of 1133654?
3
What is the hundred thousands digit of 2052063?
0
What is the hundreds digit of 863604?
6
What is the hundreds digit of 593521?
5
What is the hundred thousands digit of 791368?
7
What is the hundred thousands digit of 523770?
5
What is the hundred thousands digit of 1203212?
2
What is the hundred thousands digit of 251024?
2
What is the ten thousands digit of 4985991?
8
What is the ten thousands digit of 252659?
5
What is the ten thousands digit of 7716559?
1
What is the thousands digit of 320989?
0
What is the ten thousands digit of 15428303?
2
What is the millions digit of 2141